 k**3 + k**2 - k - 2. Suppose r + 2*r = -6. Let c be f(r). What is the tens digit of c/(12/(-9)) - -11?
1
Let l(u) = 5*u**3 - 11*u**2 + 4*u - 47. What is the tens digit of l(6)?
6
Let f = 7392 + -4489. What is the thousands digit of f?
2
Suppose 925 + 555 = 8*a. What is the hundreds digit of a?
1
Let x(v) = 41*v - 12. What is the tens digit of x(21)?
4
Let t = -421 - -623. Suppose 14*d = 16*d - t. What is the units digit of d?
1
Suppose 0 = -3*r - 5*z - 17 - 27, -4*r - 2*z = 82. Let s = 29 - r. What is the tens digit of s?
5
Let i(y) = 3*y**2 - 3*y - 13. Let j be i(5). Suppose -2*p = 5*k - 195, k - 140 = -p - j. What is the tens digit of p?
9
Suppose 3*i = 5*o - 3700, -5*o = 6*i - i - 3660. What is the hundreds digit of o?
7
Let a(u) = u**3 + 24*u**2 - 33*u - 33. Let z be a(-18). What is the hundreds digit of -4 + (z/10 - (-6)/(-4))?
2
Let l(w) = 105*w + 81*w + 111*w - 2. Let h be l(1). Suppose -4*p - 2*i + 238 = 0, 0 = -5*p - i - 2*i + h. What is the units digit of p?
2
Let d(q) = -66*q + 2. Let b be (-5)/40 - (-7)/(-8). What is the units digit of d(b)?
8
Let p(o) = 3*o**3 + 5*o**2 - 12*o + 5. Let n(h) = -2*h**3 - 5*h**2 + 11*h - 5. Let z(a) = 5*n(a) + 4*p(a). What is the units digit of z(4)?
1
Suppose -10*w + 150 = -5*w. Suppose -4*i + 2*g + w = 0, -4*g - 18 = -2*i - 0*i. Let c(l) = l**2 - 5*l - 6. What is the units digit of c(i)?
8
Suppose 4*z - 4*v + 526 = 2010, 3*z - 2*v = 1108. Suppose -4*u + 270 = -z. What is the tens digit of u?
5
Let y(w) be the second derivative of w**5/20 - w**4/3 - w**3/2 - 3*w**2/2 + 3*w. What is the tens digit of y(6)?
5
Let t = -1 + -3. What is the tens digit of 96/(-4 - 22/t)?
6
What is the tens digit of (-18)/((-3699)/(-531) + -7)?
3
Let n be (124/10)/((-2)/(-10)). Suppose n = 4*q - 3*q + i, -i = -4. What is the tens digit of q?
5
Let z be 2329/(-7) + 6/(-21). Let g = z + 559. Suppose 2*i + 2*d = 156, 3*i - d - g = 4*d. What is the tens digit of i?
7
Let b = 133 - 121. What is the tens digit of 4/16 - (-3345)/b?
7
Let g(w) = 3*w**2 - 9*w + 22. What is the tens digit of g(14)?
8
Let a = -1978 - -6469. What is the units digit of a?
1
Suppose -3 + 15 = 4*k. Suppose 5*m - 7 = k. Suppose -m*r + 35 + 7 = 0. What is the units digit of r?
1
Let g(i) = -i**3 - 13*i**2 - 29*i + 6. What is the tens digit of g(-14)?
0
Let t = 32 - 22. Suppose -t = -3*i - 4. What is the units digit of i/2 + 2 + -2?
1
Suppose o = -5*a + 825, -a - 538 - 293 = -o. What is the tens digit of o?
3
Let f(r) = 18*r - 2. Let z be f(-1). Let x = -16 - z. Suppose -j - 69 = -x*j. What is the units digit of j?
3
Let j = 1261 + -803. What is the hundreds digit of j?
4
Suppose -24 = r - 3*v, 4*v + 6 = -3*r - 14. What is the tens digit of 147*(r/(-9) - 1)?
4
Suppose -3*y + 4*w + 8 = 0, 0*y + 2*w + 14 = 4*y. Suppose 0 = -9*p + y*p. Suppose 3*u = -p + 6. What is the units digit of u?
2
Let k be 4 - 4 - (0 + 8). Let m(c) be the second derivative of -c**4/12 - 5*c**3/3 - 6*c**2 + c. What is the units digit of m(k)?
4
Let w be ((-8)/(-12))/(4/534). Suppose -p - 3*i = -8*i - w, 4*p + 3*i = 264. Suppose -p + 27 = -c. What is the tens digit of c?
4
Suppose -5*j + 35 = 2*n + 12, -4*n = -2*j - 10. Suppose 0 = -j*y + 4*r + 17, -2*r - 6 = y - r. Let g = y - -8. What is the units digit of g?
7
Let i = 394 - 69. Let z = i + -132. What is the tens digit of z?
9
Let v(a) = 1 + a**2 - a - a + 5. Let w = 31 - 27. What is the units digit of v(w)?
4
Let m(y) = 13*y**3 - 9*y**2 - 9*y + 555. Let q(a) = 3*a**3 - 2*a**2 - 2*a + 139. Let k(o) = -2*m(o) + 9*q(o). What is the hundreds digit of k(0)?
1
Let w(m) = m**2 - 15*m. Let b be w(15). Suppose 3*l + 4*f = 19, -22 = -4*l + f - 3*f. Suppose b = l*d - 158 - 92. What is the units digit of d?
0
Let c = 85 + 31. Suppose -v = -122 - c. What is the tens digit of v?
3
Suppose 5318 = -3*z + 7*z + 2*m, -3*z - 2*m = -3990. What is the tens digit of z?
2
Let y = -183 + 86. Let h = -21 - y. What is the units digit of h?
6
Suppose 2*u - 5*j + 33 = 0, 2*u + 2*j + 3*j + 23 = 0. Let g be (-22)/14 + 6/u. What is the units digit of g/3*54/(-4)?
9
Let v be 1/(2*(-1)/118). What is the units digit of (6/9 + 5/(-3))*v?
9
What is the hundreds digit of 1*15/18 + 1572998/588?
6
Let n = -33 - -35. Suppose -n*r + 52 = -r. What is the units digit of r?
2
Suppose -t + 6 = 2*t. Let p be 26/(-5) - t/(-10). Let s = p + 10. What is the units digit of s?
5
Let c be 1/(-2)*(27 + -9). Let a = c + 10. Suppose 3*m - a = 44. What is the tens digit of m?
1
Let n = 3287 - 2852. What is the units digit of n?
5
Let j be -2*(-1 + 0) - (-9 + 23). What is the tens digit of 2/12 - 1198/j?
0
Let m = -9 - -2. Let u = m + 7. Suppose 0 = -3*q - 6, u*z = -2*z + q + 4. What is the units digit of z?
1
Let i(h) = h**3 - 8*h + 1. Let j be i(-3). What is the tens digit of 0 + (-345)/(-1) - (0 - j)?
4
Let t be -4 + (-5)/(-1) + (-10)/2. Let z(j) = -j**2 - 7*j - 8. Let l(v) = -3*v**2 - 14*v - 15. Let f(s) = -4*l(s) + 7*z(s). What is the tens digit of f(t)?
5
Let f(i) = 2*i - 4. Let b(s) = 3*s - 7. Let r(x) = -3*b(x) + 5*f(x). Let j be r(11). What is the units digit of (-9)/(-6) + j/8?
3
Suppose -3*p = -5*w + 1253, 5*w + 4*p = w + 1028. What is the hundreds digit of w?
2
Let d be 12*3/(-6)*7/(-1). What is the tens digit of 56/d + 88/6?
1
Let h = -164 - -83. Let r = -38 - h. What is the units digit of r?
3
Suppose 5*i - 7*i + 1530 = -4*x, -4*i = -5*x - 3075. What is the units digit of i?
5
Let v be 2 + 1 + (-1)/(2/(-14)). Suppose -8*k + v*k - 230 = 0. What is the tens digit of k?
1
Suppose -59*j + 57*j + 3987 = 3*t, -t + 1329 = -2*j. What is the tens digit of t?
2
Let p = -10 + 26. Let h = 16 - p. Suppose 2*d + 0*d - 4*k - 46 = h, 30 = d + 5*k. What is the units digit of d?
5
Suppose 25*d - 24258 = 19*d. What is the thousands digit of d?
4
Suppose -174*n + 166*n = -2440. What is the hundreds digit of n?
3
Let x = -6 - -49. Let s = -6 + 13. What is the tens digit of s/7*(1 + x)?
4
Let v be 1672/(-72) - (-4)/18. Let l = 33 - v. What is the units digit of l?
6
Let k(t) = 2*t**3 - 13*t**2 + 6*t + 7. Let f be k(6). Let b(g) = -g**2 + 16*g + 7. What is the units digit of b(f)?
0
Suppose -o = -4*d - 15, -5*o - 3*d + 86 - 11 = 0. What is the units digit of o + 0 + (-2 - -6)?
9
Let i be (4/(-6))/(2/(-72)). Suppose p = -3*u + 4*p - i, u - 12 = -3*p. What is the units digit of (u - -114)*3/9?
7
Let n = -148 - -157. Suppose 0 = n*w - 15*w + 1422. What is the tens digit of w?
3
Suppose 3*j + 9 = -42. Let v = j - -57. What is the tens digit of v?
4
Suppose 0 = k + 3*k + 144. Let y = k - -164. What is the units digit of y?
8
Let a be 6/(-14) + (-544)/(-28). Suppose 0 = -s + 22 - 5. Suppose 2*h = a + s. What is the units digit of h?
8
Let k = -79 - -47. What is the units digit of (-24)/k + (-34)/(-8)?
5
Let i be -12 + 10 - (-3 - 1). Suppose -i*a = -a + 1. What is the units digit of (3 - 4)*a*4?
4
Suppose -7 = 7*u - 49. Suppose 4*z - 105 = 3*w, 60 = 3*z + 2*w - u. Let g = z + -10. What is the units digit of g?
4
Suppose 18 = -4*t - 2, -t = s - 2. Suppose 25 = 5*c + 3*b, s*b = 3*b. What is the units digit of c?
5
Let d = -4 + 8. Suppose -2*q + 3*t = -19, 0 = d*q - 5*t + t - 40. Suppose -3*m = 3*r - 15, -3*m + 2*m + r + q = 0. What is the units digit of m?
8
Let a(w) = -2*w**3 - w**2 - 1. Suppose -f + 4 = 0, 2*h = 3*f - 5 - 3. Let j be a(h). What is the units digit of 12/18*j/(-2)?
7
Suppose -2*q - 5*l = -41, -6*l = 3*q - 2*l - 58. Suppose 3*x + w + 2 + 6 = 0, -3*x = 3*w + q. Let k = x + 8. What is the units digit of k?
7
Suppose 35492 + 11436 = 28*n. What is the units digit of n?
6
Suppose 2*n - r = -n + 253, 5*r = 4*n - 352. Suppose -494 = -6*z - 7*z. Let s = n - z. What is the tens digit of s?
4
Let h(q) = q**3 + 4*q**2 + 30. What is the units digit of h(6)?
0
Suppose -2*w + 2*p + 100 = 0, 5*w + 27*p - 30*p = 258. Suppose g = 4*g + 84. Let t = w + g. What is the units digit of t?
6
Let b(g) = -7*g - 23. Let i be b(6). Let z = 85 - i. What is the tens digit of z?
5
Suppose 5*l - 1125 = -5*y, 319 = 3*y - 5*l - 364. Let d = y + -99. What is the hundreds digit of d?
1
Let k(x) = x**3 - 9*x**2 + 6. Suppose -2*f + 5*s = 14, -4*f + f = s - 13. Let a(v) = -v**3 + 5*v**2 - 2*v - 3. Let o be a(f). What is the units digit of k(o)?
6
Let o(f) = f**3 - 5*f**2 + 6*f - 5. Let b be o(4). Suppose 4*p = 2*q + 24, -2*p